{"id":6239,"date":"2026-01-06T16:15:47","date_gmt":"2026-01-06T15:15:47","guid":{"rendered":"https:\/\/vistema.org\/?page_id=6239"},"modified":"2026-01-30T21:36:08","modified_gmt":"2026-01-30T20:36:08","slug":"imprint","status":"publish","type":"page","link":"https:\/\/vistema.org\/en\/impressum\/","title":{"rendered":"Legal notice"},"content":{"rendered":"<div data-elementor-type=\"wp-page\" data-elementor-id=\"6239\" class=\"elementor elementor-6239\" data-elementor-post-type=\"page\">\n\t\t\t\t<div class=\"elementor-element elementor-element-be97680 e-flex e-con-boxed e-con e-parent\" data-id=\"be97680\" data-element_type=\"container\" data-e-type=\"container\">\n\t\t\t\t\t<div class=\"e-con-inner\">\n\t\t\t\t<div class=\"elementor-element elementor-element-fe5b8d8 elementor-widget elementor-widget-heading\" data-id=\"fe5b8d8\" data-element_type=\"widget\" data-e-type=\"widget\" data-widget_type=\"heading.default\">\n\t\t\t\t\t<h2 class=\"elementor-heading-title elementor-size-default\">Legal notice<\/h2>\t\t\t\t<\/div>\n\t\t\t\t<div class=\"elementor-element elementor-element-fdfd617 elementor-widget elementor-widget-text-editor\" data-id=\"fdfd617\" data-element_type=\"widget\" data-e-type=\"widget\" data-widget_type=\"text-editor.default\">\n\t\t\t\t\t\t\t\t\t<p>VISTEMA GmbH<br>Margaritenweg 9<br>A-2301 Gro\u00df-Enzersdorf<br>Austria<\/p>\n<p>E-Mail:&nbsp;<a href=\"mailto:office@online-systembrett.com\">office@vistema.org<\/a><br>Tel: +43 676 524 31 32<\/p>\n<p>Managing Partner: Georg Breiner<\/p>\n<p>Competent chamber: Austrian Chamber of Commerce | WKO<br>All information concerning&nbsp;<a href=\"https:\/\/vistema.org\/en\/data-protection\/\" target=\"_blank\" rel=\"noopener\">Data protection and GDPR<\/a>, and the&nbsp;<a href=\"https:\/\/vistema.org\/en\/agbs\/\" target=\"_blank\">AGBs<\/a>&nbsp;can be found in the respective declarations<\/p>\n<p>VAT ID: in formation, applications submitted<br>Tax number: in formation, applications submitted<\/p>\n<p>Company register number: FN: 670331g<br>Competent commercial court: Korneuburg Regional Court<\/p>\t\t\t\t\t\t\t\t<\/div>\n\t\t\t\t\t<\/div>\n\t\t\t\t<\/div>\n\t\t\t\t<\/div>","protected":false},"excerpt":{"rendered":"<p>Impressum VISTEMA GmbHMargaritenweg 9A-2301 Gro\u00df-Enzersdorf\u00d6sterreich E-Mail:&nbsp;office@vistema.orgTel: +43 676 524 31 32 Gesch\u00e4ftsf\u00fchrender Gesellschafter: Georg Breiner Zust\u00e4ndige Kammer: \u00d6sterreichische Wirtschaftskammer |&#8230; <a class=\"read-more-link\" style=\"color: #8BB021; font-weight: bold;\" href=\"https:\/\/vistema.org\/en\/impressum\/\">Read more<\/a><\/p>","protected":false},"author":1,"featured_media":0,"parent":0,"menu_order":19,"comment_status":"closed","ping_status":"closed","template":"","meta":{"_acf_changed":false,"footnotes":""},"class_list":["post-6239","page","type-page","status-publish","hentry"],"acf":[],"_links":{"self":[{"href":"https:\/\/vistema.org\/en\/wp-json\/wp\/v2\/pages\/6239","targetHints":{"allow":["GET"]}}],"collection":[{"href":"https:\/\/vistema.org\/en\/wp-json\/wp\/v2\/pages"}],"about":[{"href":"https:\/\/vistema.org\/en\/wp-json\/wp\/v2\/types\/page"}],"author":[{"embeddable":true,"href":"https:\/\/vistema.org\/en\/wp-json\/wp\/v2\/users\/1"}],"replies":[{"embeddable":true,"href":"https:\/\/vistema.org\/en\/wp-json\/wp\/v2\/comments?post=6239"}],"version-history":[{"count":0,"href":"https:\/\/vistema.org\/en\/wp-json\/wp\/v2\/pages\/6239\/revisions"}],"wp:attachment":[{"href":"https:\/\/vistema.org\/en\/wp-json\/wp\/v2\/media?parent=6239"}],"curies":[{"name":"wp","href":"https:\/\/api.w.org\/{rel}","templated":true}]}}

<div data-elementor-type="wp-page" data-elementor-id="6239" class="elementor elementor-6239" data-elementor-post-type="page">
				<div class="elementor-element elementor-element-be97680 e-flex e-con-boxed e-con e-parent" data-id="be97680" data-element_type="container" data-e-type="container">
					<div class="e-con-inner">
				<div class="elementor-element elementor-element-fe5b8d8 elementor-widget elementor-widget-heading" data-id="fe5b8d8" data-element_type="widget" data-e-type="widget" data-widget_type="heading.default">
					<h2 class="elementor-heading-title elementor-size-default">Legal notice</h2>				</div>
				<div class="elementor-element elementor-element-fdfd617 elementor-widget elementor-widget-text-editor" data-id="fdfd617" data-element_type="widget" data-e-type="widget" data-widget_type="text-editor.default">
									<p>VISTEMA GmbH<br>Margaritenweg 9<br>A-2301 Groß-Enzersdorf<br>Austria</p>
<p>E-Mail:&nbsp;<a href="mailto:office@online-systembrett.com">office@vistema.org</a><br>Tel: +43 676 524 31 32</p>
<p>Managing Partner: Georg Breiner</p>
<p>Competent chamber: Austrian Chamber of Commerce | WKO<br>All information concerning&nbsp;<a href="https://vistema.org/en/data-protection/" target="_blank" rel="noopener">Data protection and GDPR</a>, and the&nbsp;<a href="https://vistema.org/en/agbs/" target="_blank">AGBs</a>&nbsp;can be found in the respective declarations</p>
<p>VAT ID: in formation, applications submitted<br>Tax number: in formation, applications submitted</p>
<p>Company register number: FN: 670331g<br>Competent commercial court: Korneuburg Regional Court</p>								</div>
					</div>
				</div>
				</div>

<p>Impressum VISTEMA GmbHMargaritenweg 9A-2301 Groß-EnzersdorfÖsterreich E-Mail:&nbsp;office@vistema.orgTel: +43 676 524 31 32 Geschäftsführender Gesellschafter: Georg Breiner Zuständige Kammer: Österreichische Wirtschaftskammer |&#8230; <a class="read-more-link" style="color: #8BB021; font-weight: bold;" href="https://vistema.org/en/impressum/">Read more</a></p>
